ime factors of 710583?
3, 17, 13933
What are the prime factors of 9971696?
2, 7, 23, 79
List the prime factors of 21999582.
2, 3, 11, 111109
List the prime factors of 2562500.
2, 5, 41
List the prime factors of 636477.
3, 53, 4003
What are the prime factors of 116169?
3, 38723
What are the prime factors of 23229874?
2, 83, 139939
List the prime factors of 11481413.
11481413
List the prime factors of 3645784.
2, 353, 1291
What are the prime factors of 2594233?
43, 60331
What are the prime factors of 3693858?
2, 3, 7, 37, 2377
List the prime factors of 1115972.
2, 11, 13, 1951
What are the prime factors of 1156145?
5, 31, 7459
List the prime factors of 438447.
3, 17, 8597
What are the prime factors of 19750388?
2, 7, 643, 1097
What are the prime factors of 1461834?
2, 3, 11, 23, 107
What are the prime factors of 936535?
5, 97, 1931
List the prime factors of 898958.
2, 43, 10453
What are the prime factors of 2184451?
619, 3529
List the prime factors of 19325304.
2, 3, 9941
What are the prime factors of 922842?
2, 3, 167, 307
List the prime factors of 2456959.
17, 113, 1279
List the prime factors of 344460.
2, 3, 5, 5741
List the prime factors of 14126015.
5, 199, 14197
List the prime factors of 1214821.
37, 32833
List the prime factors of 9621188.
2, 2405297
What are the prime factors of 270193?
7, 11, 29
List the prime factors of 399479.
83, 4813
List the prime factors of 299489.
17, 79, 223
What are the prime factors of 710637?
3, 236879
List the prime factors of 252105.
3, 5, 7
List the prime factors of 822220.
2, 5, 7, 839
List the prime factors of 9895819.
17, 23, 25309
What are the prime factors of 166141?
17, 29, 337
List the prime factors of 2258723.
29, 71, 1097
List the prime factors of 10667775.
3, 5, 142237
What are the prime factors of 345199?
61, 5659
List the prime factors of 23210560.
2, 5, 72533
List the prime factors of 65627.
29, 31, 73
What are the prime factors of 23459013?
3, 409, 6373
What are the prime factors of 2193020?
2, 5, 47, 2333
What are the prime factors of 587279?
7, 11, 29, 263
List the prime factors of 2959508.
2, 29, 31, 823
List the prime factors of 3926611.
13, 41, 53, 139
List the prime factors of 181241.
19, 9539
List the prime factors of 436060.
2, 5, 21803
List the prime factors of 87700.
2, 5, 877
List the prime factors of 302509.
229, 1321
What are the prime factors of 415332?
2, 3, 83, 139
What are the prime factors of 6154618?
2, 167, 18427
List the prime factors of 513766.
2, 11, 193
List the prime factors of 1966370.
2, 5, 7, 4013
What are the prime factors of 64662?
2, 3, 13, 829
List the prime factors of 2779194.
2, 3, 11, 17, 2477
List the prime factors of 3811493.
7, 71, 7669
List the prime factors of 2461564.
2, 7, 19, 661
List the prime factors of 3090520.
2, 5, 77263
What are the prime factors of 393395?
5, 19, 41, 101
What are the prime factors of 280479?
3, 93493
What are the prime factors of 4330346?
2, 773, 2801
List the prime factors of 17561384.
2, 37, 79, 751
List the prime factors of 30622977.
3, 7, 11, 44189
What are the prime factors of 792435?
3, 5, 7, 7547
List the prime factors of 1350334.
2, 53, 12739
List the prime factors of 7079947.
7, 827, 1223
List the prime factors of 3591376.
2, 224461
List the prime factors of 22620978.
2, 3, 509, 823
List the prime factors of 10581993.
3, 19, 3257
What are the prime factors of 438373?
13, 33721
What are the prime factors of 3891480?
2, 3, 5, 32429
What are the prime factors of 27095?
5, 5419
List the prime factors of 11386753.
7, 17, 103, 929
What are the prime factors of 311376?
2, 3, 13, 499
List the prime factors of 87244.
2, 17, 1283
List the prime factors of 3319842.
2, 3, 443, 1249
What are the prime factors of 10212116?
2, 41, 73, 853
List the prime factors of 256673.
223, 1151
What are the prime factors of 78981?
3, 7, 3761
List the prime factors of 246927.
3, 53, 1553
List the prime factors of 1059199.
37, 28627
What are the prime factors of 3632314?
2, 7, 259451
What are the prime factors of 27537?
3, 67, 137
What are the prime factors of 134787?
3, 179, 251
List the prime factors of 198936.
2, 3, 307
List the prime factors of 49876.
2, 37, 337
What are the prime factors of 6004075?
5, 7, 11, 3119
What are the prime factors of 2599153?
2599153
List the prime factors of 1290928.
2, 80683
What are the prime factors of 522260?
2, 5, 26113
List the prime factors of 8000892.
2, 3, 222247
What are the prime factors of 2368?
2, 37
List the prime factors of 25560188.
2, 6390047
List the prime factors of 17316601.
17316601
What are the prime factors of 7160064?
2, 3, 9323
What are the prime factors of 33794980?
2, 5, 17, 99397
What are the prime factors of 728888?
2, 179, 509
List the prime factors of 88560.
2, 3, 5, 41
List the prime factors of 179742.
2, 3, 29, 1033
List the prime factors of 13218878.
2, 6609439
List the prime factors of 125424.
2, 3, 13, 67
List the prime factors of 471865.
5, 19, 4967
List the prime factors of 1131645.
3, 5, 37, 2039
List the prime factors of 2680284.
2, 3, 401, 557
List the prime factors of 3809645.
5, 7, 89, 1223
List the prime factors of 129002.
2, 53, 1217
What are the prime factors of 246503?
53, 4651
List the prime factors of 1494372.
2, 3, 11, 11321
List the prime factors of 1989660.
2, 3, 5, 33161
What are the prime factors of 154097?
154097
What are the prime factors of 371301?
3, 7, 17681
What are the prime factors of 503249?
503249
What are the prime factors of 97427?
11, 17, 521
List the prime factors of 4918186.
2, 7, 13, 61, 443
List the prime factors of 8257641.
3, 7, 271, 1451
List the prime factors of 954513.
3, 7, 109, 139
What are the prime factors of 13032?
2, 3, 181
List the prime factors of 7179935.
5, 7, 205141
List the prime factors of 1994882.
2, 17, 23, 2551
List the prime factors of 6986022.
2, 3, 433, 2689
List the prime factors of 11296676.
2, 193, 14633
What are the prime factors of 5827783?
13, 31, 14461
List the prime factors of 163501.
13, 12577
List the prime factors of 170551.
170551
What are the prime factors of 925489?
43, 21523
What are the prime factors of 941034?
2, 3, 47, 71
What are the prime factors of 7370896?
2, 13, 35437
What are the prime factors of 5143078?
2, 17, 331, 457
List the prime factors of 3936821.
7, 562403
List the prime factors of 10551996.
2, 3, 7, 13, 3221
What are the prime factors of 189450?
2, 3, 5, 421
List the prime factors of 12875708.
2, 71, 45337
What are the prime factors of 29708419?
13, 19, 120277
What are the prime factors of 22677976?
2, 2834747
What are the prime factors of 537721?
37, 14533
List the prime factors of 3708359.
23, 161233
What are the prime factors of 3762443?
1451, 2593
List the prime factors of 2486513.
2486513
What are the prime factors of 2404447?
1009, 2383
What are the prime factors of 5504504?
2, 688063
What are the prime factors of 10348495?
5, 17, 211, 577
What are the prime factors of 731204?
2, 17, 10753
List the prime factors of 206746.
2, 167, 619
What are the prime factors of 18032?
2, 7, 23
List the prime factors of 1214849.
1214849
List the prime factors of 262356.
2, 3, 21863
List the prime factors of 113822.
2, 56911
What are the prime factors of 6948229?
41, 137, 1237
What are the prime factors of 425433?
3, 141811
List the prime factors of 84399.
3, 7, 4019
What are the prime factors of 404066?
2, 13, 15541
What are the prime factors of 256098?
2, 3, 42683
What are the prime factors of 7524331?
113, 66587
List the prime factors of 435644.
2, 11, 9901
What are the prime factors of 26824196?
2, 7, 958007
What are the prime factors of 90673?
11, 8243
What are the prime factors of 281280?
2, 3, 5, 293
List the prime factors of 128572.
2, 32143
What are the prime factors of 7923456?
2, 3, 19, 181
What are the prime factors of 3104481?
3, 1034827
What are the prime factors of 6818955?
3, 5, 11, 13, 17
What are the prime factors of 1089454?
2, 544727
What are the prime factors of 3392439?
3, 1130813
List the prime factors of 20837.
67, 311
What are the prime factors of 4000037?
4000037
List the prime factors of 643014.
2, 3, 139, 257
List the prime factors of 298683.
3, 7, 11, 431
List the prime factors of 12417124.
2, 937, 3313
What are the prime factors of 9149973?
3, 7, 53, 8221
List the